- 3*p. Calculate the highest common divisor of 30 and c.
5
Let t = 449 + -240. Suppose 8 - 122 = -6*g. What is the highest common divisor of g and t?
19
Let l(a) = -a**3 - 11*a**2 - 16*a - 11. Let i be l(-10). Calculate the highest common divisor of 14 and i.
7
Suppose 5*r = -2*b + 76, r = 2*b - 2*r - 60. What is the highest common divisor of 3 and b?
3
Suppose -5*k - 21 = -s - k, 5*s - 4*k - 105 = 0. Calculate the greatest common divisor of s and 3.
3
Let y = -77 + 166. Suppose 7 = 4*t - y. What is the greatest common factor of 60 and t?
12
Let w(j) = j + 8. Let a be w(0). Let u = a - -73. Calculate the highest common divisor of 9 and u.
9
Let y = -133 - -231. Calculate the highest common divisor of 7 and y.
7
Suppose 4*z + 0*j - 59 = j, -70 = -5*z + 5*j. What is the greatest common factor of z and 15?
15
Suppose -5*u + 2 = -8. Let f be (-110)/(-8) + u/8. Calculate the highest common factor of 154 and f.
14
Let o(s) = -s - 6. Let h be o(0). Let m be (26/h)/((-3)/9). What is the highest common factor of m and 13?
13
Let l be (0/2)/(-9 + 7). Let b(a) = 3*a**2 - 6 + 0*a + 5*a + l*a**2. Let v be b(-6). What is the greatest common factor of 8 and v?
8
Let k be 120*(7/9 - 2/(-9)). What is the greatest common factor of 15 and k?
15
Let p = 192 + -184. What is the greatest common factor of p and 8?
8
Suppose -5*u + 0*u + 15 = 0. Suppose -u*f = -2*f - 6. What is the greatest common divisor of 30 and f?
6
Let f(w) = -2*w - 15. Let p be f(-8). Suppose -3*u - 2*o - 25 - 12 = 0, 0 = -o + 4. Let c be 1/(-2) - u/2. Calculate the greatest common factor of c and p.
1
Let h(z) = -70*z**3. Let s be h(-1). What is the highest common factor of 14 and s?
14
Suppose 0*s = -3*l - 3*s + 432, 4*l = 4*s + 568. Suppose 0 = 2*n - 5*y - 51, -2*y + 0*y - 49 = -3*n. Calculate the highest common factor of l and n.
13
Let r = 69 + -64. What is the highest common factor of 35 and r?
5
Suppose -96 = -6*b + 822. What is the greatest common divisor of b and 17?
17
Let f = 105 - 103. Calculate the highest common divisor of f and 26.
2
Let v = 10 - 6. Suppose v*f - 26 = 22. Calculate the highest common factor of 3 and f.
3
Suppose -4*o = v - 1218, -764 = -2*o - 3*v - 150. What is the highest common factor of o and 38?
38
Let n be 2/(-11) - 5394/(-22). Calculate the greatest common divisor of 35 and n.
35
Let b be 7 - (0 - 1/1). Let v(r) = 10*r**2 - 11*r + 6. Let o be v(8). Let i be o/10 - 7/(-35). What is the greatest common factor of i and b?
8
Suppose -5*s - 68 + 463 = -3*u, u + 233 = 3*s. Let m be 112/6 + (-3)/(-9). What is the highest common divisor of m and s?
19
Let v = 218 + 22. What is the highest common divisor of 48 and v?
48
Let f = -34 + 40. What is the greatest common divisor of f and 48?
6
Let w be 5 + -2 + 10 - 4. Calculate the greatest common factor of 6 and w.
3
Suppose 0 = 4*q - 4*z - 284, 3*z + 215 = 3*q - z. Let j = q + -34. Let o = 77 - j. What is the greatest common factor of o and 28?
14
Let m(g) = g**2 + 3*g + 2. Suppose -n + 6*n + 20 = 0. Let d be m(n). Calculate the greatest common divisor of 9 and d.
3
Let h = 52 + -38. Calculate the highest common divisor of h and 112.
14
Let j be 15/6*140/25. What is the highest common divisor of j and 98?
14
Suppose 0 = -3*a - 9, -n + 3*a = -4 - 13. Suppose 3*z = 4*z - 4. Suppose -3 = -4*i - 5*w, z*w = 3*i + i - 12. Calculate the greatest common factor of n and i.
2
Let v be -2*1*15/(-6). Let y = 178 + -123. Calculate the highest common factor of v and y.
5
Let t be -2*((-60)/8)/1. Calculate the highest common divisor of t and 60.
15
Let c = -69 + 97. What is the highest common divisor of c and 14?
14
Let u = 159 - 138. Let i = -59 - -101. Calculate the greatest common factor of u and i.
21
Suppose -4*m - m = -2*a - 43, 0 = -2*m - 3*a + 2. Calculate the greatest common factor of m and 35.
7
Let a be (-236)/(-8) + (-3)/(-6). Suppose 3*u - 20 = u. Calculate the highest common factor of u and a.
10
Suppose 2*n + 4 = 3*n. What is the highest common divisor of 10 and n?
2
Let g = -5 - -11. Let z be 30/4*4/6. Suppose -z*d + 19 + 11 = 0. What is the highest common divisor of d and g?
6
Suppose i = -4*i + 10. Suppose -i*n - 29 = -h, -h - 3*h = 2*n - 66. What is the greatest common divisor of h and 171?
19
Let c = -19 - -35. What is the greatest common divisor of 176 and c?
16
Let p = 4 - -6. Calculate the highest common divisor of 90 and p.
10
Let k(h) = 2*h**2 + 11*h + 30. Let m be k(-5). What is the greatest common factor of 75 and m?
25
Let r be -1 - 6*(-3)/2. Let h = -24 + 44. Calculate the greatest common divisor of r and h.
4
Let r = 98 + -64. Suppose 3*q = -0*q. Suppose -3*x - 5*h + r = q, x - 6*x = 3*h - 46. Calculate the greatest common divisor of 72 and x.
8
Suppose -3*y + 144 = -2*y + b, -20 = -5*b. Calculate the highest common factor of y and 28.
28
Let m(z) = -4*z - 31. Let b be m(-9). Calculate the highest common factor of 135 and b.
5
Let y(q) = 2*q + 5. Let n be y(5). Suppose -4*x = -3*h + 33, 49 = 3*h + 5*x - 11. Calculate the greatest common divisor of h and n.
15
Let w = -32 - -33. What is the highest common factor of 2 and w?
1
Let s be (-24)/15*(-10)/4. What is the highest common divisor of 16 and s?
4
Let q(v) = -v**2 - 11*v + 4. Let p be q(-11). Suppose -26 = s - 94. Let j = -40 + s. What is the highest common divisor of j and p?
4
Suppose 3*m - 4*k = -0*k - 13, -k = 2*m + 5. Let n be (m + 1)*(-238)/4. What is the highest common divisor of 17 and n?
17
Let h(x) = 20*x**2 - x - 1. Let c be h(1). What is the greatest common factor of c and 162?
18
Let c(i) = 30*i - 3. Let s be c(10). Let n = s - 121. What is the highest common divisor of 16 and n?
16
Let s be 26 + 3/((-3)/(-1)). Let l = 0 + 3. What is the highest common factor of l and s?
3
Let i(j) = -j**2 - 15*j - 11. Let g be i(-14). What is the highest common divisor of 48 and g?
3
Let h = -4 - -9. Suppose 0 = h*g - 58 - 92. What is the highest common factor of g and 15?
15
Suppose -49 = -2*f - q, 0*f - 2*q + 122 = 5*f. What is the highest common divisor of f and 12?
12
Suppose 5*a - 20 = -2*g, -5*g - 2*a = a - 88. Calculate the highest common divisor of 160 and g.
20
Let s(o) = o**2 + 2. Let b be s(0). Let y be b/4*440/2. What is the greatest common factor of 10 and y?
10
Let d(z) = -3 + 4*z + 5*z**2 - 6*z + 0*z. Let r be d(3). Calculate the greatest common divisor of 4 and r.
4
Let v(z) = z**3 + z**2 - 6*z + 4. Let f be v(0). What is the highest common factor of f and 28?
4
Let x be 15/35 + -1 + (-344)/(-14). What is the highest common divisor of x and 60?
12
Let a(o) = -2*o**3 + 3*o + 3. Let d be a(-2). Let m(w) = -118*w - 1. Let f be m(-1). What is the greatest common factor of f and d?
13
Suppose -12 = -3*q - q - 4*m, 3*q - 2*m = 9. Calculate the highest common divisor of q and 3.
3
Suppose -4*c + 32 - 5 = 5*w, w = 3*c + 13. Suppose -52 = -2*v - f, -2*f = 3*v - w*f - 78. What is the greatest common divisor of v and 13?
13
Let k = 117 - 41. Let b be 0 - -1 - 8*-7. Suppose -2*w = 4*z - 76, 0*z - 3*z = 4*w - b. What is the greatest common factor of k and z?
19
Suppose c = -4*c + 150. Calculate the greatest common factor of c and 20.
10
Suppose -5 = -0*f - f. Calculate the highest common factor of 45 and f.
5
Let o be 144/10*(-25)/(-2). Calculate the highest common divisor of 20 and o.
20
Let q be 1/((-5)/25) - -120. Calculate the highest common factor of 46 and q.
23
Suppose 0 = -b - 39 - 251. Let h = b + 425. Let f be (0/4)/(-4) - -15. Calculate the highest common factor of h and f.
15
Let g be (-418)/(-8) - 2/8. Calculate the highest common factor of 13 and g.
13
Suppose -5*q = 39 - 89. Suppose -q = -5*h, h = -4*g - 3*h + 360. What is the highest common factor of g and 22?
22
Suppose 0 = 3*y - 2*h + 110, -5*y = -0*y + 3*h + 215. Let a be (y/6)/((-8)/24). Calculate the greatest common factor of 20 and a.
20
Suppose 0*n = -2*n + 126. Suppose c - n = -2*c. What is the highest common divisor of c and 21?
21
Let x(k) = -11*k - 1. Suppose -2*h - 1 - 5 = 0. Let p be x(h). Calculate the highest common factor of 48 and p.
16
Let m be 1/(-1) + (-24 - -1). Suppose 14 = d - 0*w + 2*w, -w + 34 = 5*d. Let c be 253/4 + d/m. What is the highest common divisor of 42 and c?
21
Let c = 265 - 70. Suppose 3*s = c - 6. What is the greatest common divisor of 7 and s